{"id":195,"date":"2023-09-13T23:02:01","date_gmt":"2023-09-13T21:02:01","guid":{"rendered":"https:\/\/berceligyermekorvos.hu\/?page_id=195"},"modified":"2023-09-13T23:02:01","modified_gmt":"2023-09-13T21:02:01","slug":"betegseg-bejelentese","status":"publish","type":"page","link":"https:\/\/berceligyermekorvos.hu\/?page_id=195","title":{"rendered":"Betegs\u00e9g bejelent\u00e9se"},"content":{"rendered":"\n<div class=\"wpcf7 no-js\" id=\"wpcf7-f194-o1\" lang=\"hu-HU\" dir=\"ltr\" data-wpcf7-id=\"194\">\n<div class=\"screen-reader-response\"><p role=\"status\" aria-live=\"polite\" aria-atomic=\"true\"><\/p> <ul><\/ul><\/div>\n<form action=\"\/index.php?rest_route=%2Fwp%2Fv2%2Fpages%2F195#wpcf7-f194-o1\" method=\"post\" class=\"wpcf7-form init\" aria-label=\"Kapcsolatfelv\u00e9teli \u0171rlap\" novalidate=\"novalidate\" data-status=\"init\">\n<fieldset class=\"hidden-fields-container\"><input type=\"hidden\" name=\"_wpcf7\" value=\"194\" \/><input type=\"hidden\" name=\"_wpcf7_version\" value=\"6.1.5\" \/><input type=\"hidden\" name=\"_wpcf7_locale\" value=\"hu_HU\" \/><input type=\"hidden\" name=\"_wpcf7_unit_tag\" value=\"wpcf7-f194-o1\" \/><input type=\"hidden\" name=\"_wpcf7_container_post\" value=\"0\" \/><input type=\"hidden\" name=\"_wpcf7_posted_data_hash\" value=\"\" \/><input type=\"hidden\" name=\"_wpcf7_recaptcha_response\" value=\"\" \/>\n<\/fieldset>\n<p><label> Gyermek neve<br \/>\n<span class=\"wpcf7-form-control-wrap\" data-name=\"gyermeknev\"><input size=\"40\" maxlength=\"400\" class=\"wpcf7-form-control wpcf7-text wpcf7-validates-as-required\" autocomplete=\"name\" aria-required=\"true\" aria-invalid=\"false\" value=\"\" type=\"text\" name=\"gyermeknev\" \/><\/span> <\/label>\n<\/p>\n<p><label> Gyermek sz\u00fclet\u00e9si ideje:<br \/>\n<span class=\"wpcf7-form-control-wrap\" data-name=\"gyerekszul\"><input class=\"wpcf7-form-control wpcf7-date wpcf7-validates-as-required wpcf7-validates-as-date\" aria-required=\"true\" aria-invalid=\"false\" value=\"2005.01.01\" type=\"date\" name=\"gyerekszul\" \/><\/span> <\/label>\n<\/p>\n<p><label> Az \u00d6n e-mail c\u00edme (ahova k\u00e9rd\u00e9s eset\u00e9n \u00edrhatunk):<br \/>\n<span class=\"wpcf7-form-control-wrap\" data-name=\"your-email\"><input size=\"40\" maxlength=\"400\" class=\"wpcf7-form-control wpcf7-email wpcf7-validates-as-required wpcf7-text wpcf7-validates-as-email\" autocomplete=\"email\" aria-required=\"true\" aria-invalid=\"false\" value=\"\" type=\"email\" name=\"your-email\" \/><\/span> <\/label>\n<\/p>\n<p><label> Mi\u00f3ta beteg a gyermek:<br \/>\n<span class=\"wpcf7-form-control-wrap\" data-name=\"betegkezd\"><input class=\"wpcf7-form-control wpcf7-date wpcf7-validates-as-required wpcf7-validates-as-date\" aria-required=\"true\" aria-invalid=\"false\" value=\"2023.01.01\" type=\"date\" name=\"betegkezd\" \/><\/span> <\/label>\n<\/p>\n<p><label> Mi\u00f3ta nem megy iskol\u00e1ba\/\u00f3vod\u00e1ba (ha elt\u00e9r\u0151 a betegs\u00e9g kezdet\u00e9t\u0151l):<br \/>\n<span class=\"wpcf7-form-control-wrap\" data-name=\"iskhiany\"><input class=\"wpcf7-form-control wpcf7-date wpcf7-validates-as-date\" aria-invalid=\"false\" value=\"2023.01.01\" type=\"date\" name=\"iskhiany\" \/><\/span> <\/label>\n<\/p>\n<p><label> Mi a betegs\u00e9ge?<br \/>\n<span class=\"wpcf7-form-control-wrap\" data-name=\"betegseg\"><textarea cols=\"40\" rows=\"10\" maxlength=\"2000\" class=\"wpcf7-form-control wpcf7-textarea wpcf7-validates-as-required\" aria-required=\"true\" aria-invalid=\"false\" name=\"betegseg\"><\/textarea><\/span> <\/label>\n<\/p>\n<p><label> Mik a t\u00fcnetei?<br \/>\n<span class=\"wpcf7-form-control-wrap\" data-name=\"tunetei\"><textarea cols=\"40\" rows=\"10\" maxlength=\"2000\" class=\"wpcf7-form-control wpcf7-textarea wpcf7-validates-as-required\" aria-required=\"true\" aria-invalid=\"false\" name=\"tunetei\"><\/textarea><\/span> <\/label>\n<\/p>\n<p><label> Hogyan kezelt\u00e9k eddig?<br \/>\n<span class=\"wpcf7-form-control-wrap\" data-name=\"kezeles\"><textarea cols=\"40\" rows=\"10\" maxlength=\"2000\" class=\"wpcf7-form-control wpcf7-textarea wpcf7-validates-as-required\" aria-required=\"true\" aria-invalid=\"false\" name=\"kezeles\"><\/textarea><\/span> <\/label>\n<\/p>\n<p><label> Biztons\u00e1gi ellen\u0151rz\u0151 k\u00e9rd\u00e9s, k\u00e9rem v\u00e1laszolja meg<br \/>\n<span class=\"wpcf7-form-control-wrap\" data-name=\"quiz-519\"><label><span class=\"wpcf7-quiz-label\">5+5=<\/span> <input size=\"40\" class=\"wpcf7-form-control wpcf7-quiz\" autocomplete=\"off\" aria-required=\"true\" aria-invalid=\"false\" type=\"text\" name=\"quiz-519\" \/><\/label><input type=\"hidden\" name=\"_wpcf7_quiz_answer_quiz-519\" value=\"d316887b4312f7c851dfc68b3781a7aa\" \/><\/span> <\/label>\n<\/p>\n<p><span class=\"wpcf7-form-control-wrap\" data-name=\"acceptance-771\"><span class=\"wpcf7-form-control wpcf7-acceptance\"><span class=\"wpcf7-list-item\"><label><input type=\"checkbox\" name=\"acceptance-771\" value=\"1\" aria-invalid=\"false\" \/><span class=\"wpcf7-list-item-label\">A checkbox kipip\u00e1l\u00e1s\u00e1val - az \u00c1ltal\u00e1nos Adatv\u00e9delmi Rendelet (GDPR) 6. cikk (1) bekezd\u00e9s b) pontja, tov\u00e1bb\u00e1 a 7. cikk rendelkez\u00e9se alapj\u00e1n - tudom\u00e1sul veszem, hogy az adatkezel\u0151 a most megadott szem\u00e9lyes adataimat a GDPR, tov\u00e1bb\u00e1 a saj\u00e1t adatkezel\u00e9si t\u00e1j\u00e9koztat\u00f3j\u00e1nak felt\u00e9telei szerint kezelheti.<\/span><\/label><\/span><\/span><\/span><br \/>\n<a href=\"https:\/\/berceligyermekorvos.hu\/?page_id=51\" target=\"_blank\" >Az adatkezel\u00e9si t\u00e1j\u00e9koztat\u00f3 ide kattintva \u00e9rhet\u0151 el.<\/a>\n<\/p>\n<p><input class=\"wpcf7-form-control wpcf7-submit has-spinner\" type=\"submit\" value=\"Bek\u00fcld\u00e9s\" \/>\n<\/p><div class=\"wpcf7-response-output\" aria-hidden=\"true\"><\/div>\n<\/form>\n<\/div>\n\n","protected":false},"excerpt":{"rendered":"","protected":false},"author":1,"featured_media":0,"parent":0,"menu_order":0,"comment_status":"closed","ping_status":"closed","template":"","meta":{"footnotes":""},"class_list":["post-195","page","type-page","status-publish","hentry"],"_links":{"self":[{"href":"https:\/\/berceligyermekorvos.hu\/index.php?rest_route=\/wp\/v2\/pages\/195","targetHints":{"allow":["GET"]}}],"collection":[{"href":"https:\/\/berceligyermekorvos.hu\/index.php?rest_route=\/wp\/v2\/pages"}],"about":[{"href":"https:\/\/berceligyermekorvos.hu\/index.php?rest_route=\/wp\/v2\/types\/page"}],"author":[{"embeddable":true,"href":"https:\/\/berceligyermekorvos.hu\/index.php?rest_route=\/wp\/v2\/users\/1"}],"replies":[{"embeddable":true,"href":"https:\/\/berceligyermekorvos.hu\/index.php?rest_route=%2Fwp%2Fv2%2Fcomments&post=195"}],"version-history":[{"count":1,"href":"https:\/\/berceligyermekorvos.hu\/index.php?rest_route=\/wp\/v2\/pages\/195\/revisions"}],"predecessor-version":[{"id":196,"href":"https:\/\/berceligyermekorvos.hu\/index.php?rest_route=\/wp\/v2\/pages\/195\/revisions\/196"}],"wp:attachment":[{"href":"https:\/\/berceligyermekorvos.hu\/index.php?rest_route=%2Fwp%2Fv2%2Fmedia&parent=195"}],"curies":[{"name":"wp","href":"https:\/\/api.w.org\/{rel}","templated":true}]}}